{"id":135,"date":"2018-02-02T16:35:36","date_gmt":"2018-02-02T15:35:36","guid":{"rendered":"http:\/\/localhost\/wordpress\/?page_id=135"},"modified":"2018-02-09T10:03:07","modified_gmt":"2018-02-09T10:03:07","slug":"come-trovarci","status":"publish","type":"page","link":"http:\/\/qnex.it\/?page_id=135&lang=it","title":{"rendered":"Come trovarci"},"content":{"rendered":"<h4>In treno<\/h4>\n<p>Bolzano si trova sulla linea ferroviaria Verona-Brennero. Il nostro ufficio dista 500 metri dalla stazione.<\/p>\n<h4>In macchina<\/h4>\n<p>Autostrada del Brennero (A22), 150 km a nord di Verona.<\/p>\n<p><iframe loading=\"lazy\" style=\"border: 1px solid black;\" src=\"http:\/\/www.openstreetmap.org\/export\/embed.html?bbox=11.343104839324953%2C46.4943227168869%2C11.36065721511841%2C46.50152360421799&amp;layer=mapnik&amp;marker=46.497923279752904%2C11.35188102722168\" width=\"425\" height=\"350\" frameborder=\"0\" marginwidth=\"0\" marginheight=\"0\" scrolling=\"no\" data-mce-fragment=\"1\"><\/iframe><br \/>\n<small><a href=\"http:\/\/www.openstreetmap.org\/?mlat=46.49792&amp;mlon=11.35188#map=17\/46.49792\/11.35188\">ingrandire la mappa<\/a><\/small><\/p>\n<h4>A piedi<\/h4>\n<p><img loading=\"lazy\" decoding=\"async\" class=\"alignleft size-full wp-image-411\" src=\"http:\/\/qnex.it\/wp-content\/uploads\/2018\/02\/dominikanerpl_35.jpg\" alt=\"\" width=\"200\" height=\"203\" \/><\/p>\n<p>Siamo in centro a Bolzano, a 5 minuti di cammino dalla stazione ferroviaria. Seguite Viale Stazione fino a Piazza Walter e proseguite a sinistra fino a raggiungere Piazza Domenicani.<\/p>\n<p>Ci troviamo al quarto piano del civico 35.<\/p>\n<h4><\/h4>\n<h4>Parcheggiare a Bolzano<\/h4>\n<p>Trovate parcheggi sotterranei nelle immediate vicinanze del nostro ufficio, direttamente alla stazione (P1) o a Piazza Walther (P2). L&#8217;autosilo Bolzano Centro (P3) \u00e8 pi\u00f9 facilmente raggiungibile e pi\u00f9 economico e si trova a 10 minuti di cammino dal nostro ufficio. Seguite l&#8217;apposita segnaletica.<\/p>\n<p><img loading=\"lazy\" decoding=\"async\" class=\"aligncenter size-full wp-image-413\" src=\"http:\/\/qnex.it\/wp-content\/uploads\/2018\/02\/parken_bz.gif\" alt=\"\" width=\"445\" height=\"302\" \/><\/p>\n","protected":false},"excerpt":{"rendered":"<p>In treno Bolzano si trova sulla linea ferroviaria Verona-Brennero. Il nostro ufficio dista 500 metri dalla stazione. In macchina Autostrada del Brennero (A22), 150 km a nord di Verona. ingrandire &#8230;<\/p>\n","protected":false},"author":2,"featured_media":0,"parent":119,"menu_order":0,"comment_status":"closed","ping_status":"closed","template":"","meta":{"footnotes":""},"class_list":["post-135","page","type-page","status-publish","hentry"],"_links":{"self":[{"href":"http:\/\/qnex.it\/index.php?rest_route=\/wp\/v2\/pages\/135","targetHints":{"allow":["GET"]}}],"collection":[{"href":"http:\/\/qnex.it\/index.php?rest_route=\/wp\/v2\/pages"}],"about":[{"href":"http:\/\/qnex.it\/index.php?rest_route=\/wp\/v2\/types\/page"}],"author":[{"embeddable":true,"href":"http:\/\/qnex.it\/index.php?rest_route=\/wp\/v2\/users\/2"}],"replies":[{"embeddable":true,"href":"http:\/\/qnex.it\/index.php?rest_route=%2Fwp%2Fv2%2Fcomments&post=135"}],"version-history":[{"count":1,"href":"http:\/\/qnex.it\/index.php?rest_route=\/wp\/v2\/pages\/135\/revisions"}],"predecessor-version":[{"id":414,"href":"http:\/\/qnex.it\/index.php?rest_route=\/wp\/v2\/pages\/135\/revisions\/414"}],"up":[{"embeddable":true,"href":"http:\/\/qnex.it\/index.php?rest_route=\/wp\/v2\/pages\/119"}],"wp:attachment":[{"href":"http:\/\/qnex.it\/index.php?rest_route=%2Fwp%2Fv2%2Fmedia&parent=135"}],"curies":[{"name":"wp","href":"https:\/\/api.w.org\/{rel}","templated":true}]}}